78 is divided by q?
12
Suppose 5*w - 41 = 2*w + 5*m, 5*w = -2*m + 27. Suppose w*j + 114 = 13*j. What is the remainder when 36 is divided by j?
17
Let b be 192/(-104) - (-2)/(-13). Let q(l) = 31*l - 9. Let a(o) = 47*o - 14. Let x(h) = 5*a(h) - 8*q(h). What is the remainder when 82 is divided by x(b)?
26
Suppose 4*v = -2*v. Suppose v = -2*j + 7*j - 10. Calculate the remainder when 3 is divided by j.
1
Suppose 2 = -5*k - 38. Let f(r) = -r**3 - 7*r**2 + 9*r + 11. Let c be f(k). Calculate the remainder when 15 is divided by 6*(1 + -3 + c).
3
Let w = 17 + -17. Suppose w = -3*n - 5*j + 245, -n = -6*n + 3*j + 465. Calculate the remainder when n is divided by 23.
21
Let c(g) = -35*g + 2. Let w be c(2). Let j = -43 - w. Calculate the remainder when 122 is divided by j.
22
What is the remainder when (116 + 8 - 3) + 7 + -3 is divided by 16?
13
Let q = 53 + -45. Suppose 643 = q*t + 3. What is the remainder when t is divided by 27?
26
Calculate the remainder when 237 is divided by ((-15)/(-4))/((-3)/80*-5).
17
Let z = 23 + -5. Let a(s) = -2*s**2 - 44*s + 1162. What is the remainder when a(15) is divided by z?
16
Let n(w) = w - 3. Let h be n(8). Suppose 0 = h*l - 4*m - 2, -5*l = 3*m + 28 - 9. What is the remainder when 9 is divided by (20/(-25))/(l/10)?
1
Suppose 8733 = 5*d - 2*t, 3*t = -d + 711 + 1039. What is the remainder when d is divided by 25?
22
Suppose 148 + 284 = 9*u. Calculate the remainder when u is divided by 26.
22
Suppose -3*u - 17 = -2*t - 4, 4*t = 4*u + 12. Suppose 4 = -2*b - 24. Let p = u - b. Calculate the remainder when 27 is divided by p.
6
Suppose -4*f + 5*u + 383 = 0, 291 = 3*f + 2*u - 5*u. Suppose z - 2*z + 26 = 0. What is the remainder when f is divided by z?
24
Let m be -1*(-7)/(28/(-184)). Let c = 56 + m. Calculate the remainder when 27 is divided by c.
7
Suppose 6*c = 4*c - 12. What is the remainder when 24 is divided by (1/3)/(c/(-234))?
11
What is the remainder when 2 + 1 + -3 - (-49 + -134) is divided by 17?
13
Let t(k) = 9*k + 13. Suppose -44 = -d + 4*d - 5*j, -4*d + 5*j - 67 = 0. Let y = -10 - d. What is the remainder when t(4) is divided by y?
10
Suppose -21 = -2*k - 2*k - 3*q, 5*q - 7 = -2*k. Suppose k*b = -9*b + 75. Let p(h) = h - 2. Calculate the remainder when b is divided by p(5).
2
Suppose 4*y - z - 15 + 258 = 0, -5*y = 4*z + 288. Let i = -34 - y. What is the remainder when i is divided by (-81)/135 + (-266)/(-35)?
5
Suppose -4*k + 5*k = 7. Let c be (-12)/(-78) - 115/(-13). What is the remainder when 24 - (-3)/(c/(-12)) is divided by k?
6
Let v = 94 - 51. Let p = 15 + -14. Let t = p + 14. What is the remainder when v is divided by t?
13
Suppose 5*n + 3*u = 5, -5*n = -n + u - 11. Suppose -n*l = l - 3*i - 85, 5*l + 5*i - 45 = 0. Calculate the remainder when 4 - 940/(-15) - (-2)/6 is divided by l.
11
Let c(k) = -k**2 + 5. Let r be c(0). Suppose -41 = -r*x - 16. Suppose 5*f - 4*f - 13 = -x*t, 26 = 2*f + 3*t. What is the remainder when 51 is divided by f?
12
Let l = 0 + 9. Suppose 4*v + 3*s - 126 = -0*v, 3*s + 72 = 2*v. What is the remainder when l is divided by 126/v + (-4)/(-22)?
1
Suppose -3*f + 81 = -2*t, -4 = 4*f + t - 123. Calculate the remainder when f is divided by (36/21)/(4/14).
5
Let q be ((-10)/(-6) - 3)*-30. Let k = q + -10. Suppose -4*l = 4*z - 30 - k, -4*l + 4*z = -36. Calculate the remainder when 33 is divided by l.
9
Suppose 2*p - 17*w = -20*w + 5, -2*w - 10 = 0. What is the remainder when 147 is divided by p?
7
Let r(l) = l**2 - 18*l + 75. What is the remainder when r(13) is divided by -1 - (-3 + -2 + -2)?
4
Let d(w) = 49*w - 158. What is the remainder when d(4) is divided by 20?
18
Suppose 2*n = f - 23, -n + 4*n + 5*f = -41. Let d = -6 - n. Suppose 0 = -9*k + 23*k - 140. Calculate the remainder when k is divided by d.
4
Suppose -3*y - 296 = 76. What is the remainder when -1 - -47 - 2 - 2 is divided by y/(-8) + 1/(-2)?
12
Calculate the remainder when 1*(-5)/(-2)*38796/530 is divided by 21.
15
Let q = 229 + 129. Suppose 5*t + 93 - q = 0. What is the remainder when t is divided by (2 - (22 - 2))*-1?
17
Let v be 24/(-60) - 184/(-10). Let z = v + -14. Suppose 6*o - 4 = 2*o. What is the remainder when z is divided by o?
0
Let m = -2 + 15. Suppose 2*b = 9 + 1. Suppose 4*d + 3 = g, 0*g - 44 = -3*g + b*d. What is the remainder when g is divided by m?
10
Let m = 9 - 8. Calculate the remainder when m is divided by 32/(-24)*(-3)/2 + -1.
0
Let r(j) = -j**2 + 1. Let o be r(-2). Let v = 0 - o. Suppose -v*t = -2*t - 16. What is the remainder when t is divided by 6?
4
Let i(q) = -2*q**2 + 1 + q**3 - 3 + q**2 + 3*q. Suppose 165 = 18*c - 87. What is the remainder when c is divided by i(2)?
6
Suppose -2*k + 9 + 17 = 0. Suppose 0*x = -3*x + 9. What is the remainder when k is divided by 10 + (-2)/(x - 2)?
5
Let l(h) = h**2 - 6. Let m be l(-3). Suppose -5*j + 96 = o, -j = -m*o - 23 + 7. Let r = 24 - j. Calculate the remainder when 12 is divided by r.
2
Let t = -730 + 857. What is the remainder when 269 is divided by t?
15
Suppose 15 = 3*s, -4*s + 20 = 3*m + m. Suppose -c + 566 - 77 = m. What is the remainder when 1/(2 - c/246) is divided by 21?
19
Let r = -188 + 236. Calculate the remainder when r is divided by 2.
0
Let o be -27*7/(-21) - 6. Suppose 0 = 5*a - 650 - 1485. Suppose -o*r = -5*p + a, -352 = -4*p + r + 4*r. Calculate the remainder when p is divided by 28.
27
Let a(m) = 2*m - 7. Let l be a(5). Let t = -6 + l. What is the remainder when (-6 - t)/(6/(-62)) is divided by 17?
14
Let n be ((-4)/(-12))/((-2)/(-6)). Let x be (0 - 17)*n*-1. What is the remainder when 62 is divided by (4 + 12)/(-4) + x?
10
Let m = 86 + -58. Let l(w) = -6*w**3 + w - 1. Let z be l(1). Let j = z - -115. What is the remainder when j is divided by m?
25
Let c = 1568 + -1510. Calculate the remainder when 281 is divided by c.
49
Suppose 0 = 4*u + u - 75. Suppose -5*d - 604 + 93 = -2*i, -d - 89 = 4*i. Let m = d + 143. Calculate the remainder when m is divided by u.
12
Let q(w) = 5*w**2 - 26*w - 8. Calculate the remainder when 91 is divided by q(6).
11
Suppose 614 = -5*m - 4*n, -2*m + 3*n = 2*n + 256. What is the remainder when 16 is divided by (10/6)/((-1)/(m/35))?
4
Let o be (0 + 4)/(2/4). Suppose o*h + 600 = 20*h. What is the remainder when h is divided by 18?
14
Let v(y) = y**2 - 26*y + 139. Calculate the remainder when v(24) is divided by 47.
44
Suppose 3*p - 301 = -5*b, 4*b + 92 = -2*p + 334. Let j = b - 36. Calculate the remainder when 103 is divided by j.
25
Calculate the remainder when (-1 - -2 - 2)/(2/(-208)) is divided by 35.
34
Suppose -2*x = -2*v + x, 0 = 2*v - 5*x + 4. Calculate the remainder when 54 is divided by v.
0
Let l(n) = 54*n**2 + n. Suppose -8 = -z - 6. Let c be ((-30)/(-20))/(3/z). Calculate the remainder when l(c) is divided by 28.
27
Suppose -7*n + 138 - 61 = 0. Let v = 22 - -43. Calculate the remainder when v is divided by n.
10
Let l(t) = 28*t - 714. Calculate the remainder when l(29) is divided by 81.
17
Suppose -o - 4*j = -7, -22 = 2*o - 5*j - 75. Let p(f) = -f**3 + 7*f**2 - 7*f. What is the remainder when o is divided by p(5)?
4
Let l = -102 - -20. Let s = 91 + l. What is the remainder when 26 is divided by s?
8
Let o be ((-2)/(-6))/(2/18). Suppose 2*i - i - 13 = 3*r, -o*i + 60 = -2*r. Calculate the remainder when i is divided by 12.
10
Suppose 31*c - 151 = -7*c + 153. Let z(u) = 39*u**2 - u + 1. Calculate the remainder when z(1) is divided by c.
7
Let w(m) = m - 2. Let s be w(2). Let j be (2 - (3 - s)) + 15. Let d = -11 + j. Calculate the remainder when 9 is divided by d.
0
Let y be 1/2*4 - 0. Suppose 0 = -8*b + 11*b + 2*n - 105, 5*n + 18 = b. What is the remainder when b is divided by y/2 - 1 - -9?
6
Let x(m) = 2*m**3 - 15*m**2 + 13*m - 122. Calculate the remainder when 642 is divided by x(8).
44
Suppose 0 = 2*y - 4*o - 170, 6*o - 10*o + 383 = 5*y. Calculate the remainder when y is divided by 69.
10
Suppose 0*g + g = 0. Suppose -v + 0 + 2 = g. Suppose 0*h + 10 = v*h. What is the remainder when 11 is divided by h?
1
Let r(g) = -4*g + 2*g**2 + 10 - 3 - g**2 + g. Suppose 2*p - 5*x - 58 = 0, -5*p - x - 2*x + 145 = 0. Calculate the remainder when r(12) is divided by p.
28
Suppose -3*p + 9 = -0*p. Suppose -19*t + 276 = -142. Calculate the remainder when t is divided by 22/3 + 2/p.
6
Suppose 14*y + 216 = 26*y. What is the